{"id":26,"date":"2019-03-27T09:37:52","date_gmt":"2019-03-27T08:37:52","guid":{"rendered":"http:\/\/atae.fr\/?page_id=26"},"modified":"2019-05-20T12:12:09","modified_gmt":"2019-05-20T10:12:09","slug":"actualite","status":"publish","type":"page","link":"https:\/\/atae.fr\/?page_id=26","title":{"rendered":"Actualit\u00e9"},"content":{"rendered":"<h6>ATAE est membre de l&rsquo;AFCO (Association des Coordonnateurs de France) et est en contact \u00e9troit avec les organismes de Pr\u00e9vention que sont l&rsquo;OPPBTP, la CARSAT ou l&rsquo;INRS afin de maintenir une veille r\u00e9glementaire ou \u00e9changer sur les probl\u00e9matiques rencontr\u00e9es.<img loading=\"lazy\" decoding=\"async\" class=\"size-full wp-image-267 alignright\" src=\"http:\/\/atae.fr\/wp-content\/uploads\/2019\/03\/afco.gif\" alt=\"\" width=\"200\" height=\"143\" \/><\/h6>\n<p><img loading=\"lazy\" decoding=\"async\" class=\"wp-image-269 alignleft\" src=\"http:\/\/atae.fr\/wp-content\/uploads\/2019\/03\/55539220_797232623985829_7278956005977751552_n-300x300.jpg\" alt=\"\" width=\"129\" height=\"129\" srcset=\"https:\/\/atae.fr\/wp-content\/uploads\/2019\/03\/55539220_797232623985829_7278956005977751552_n-300x300.jpg 300w, https:\/\/atae.fr\/wp-content\/uploads\/2019\/03\/55539220_797232623985829_7278956005977751552_n-150x150.jpg 150w, https:\/\/atae.fr\/wp-content\/uploads\/2019\/03\/55539220_797232623985829_7278956005977751552_n-768x771.jpg 768w, https:\/\/atae.fr\/wp-content\/uploads\/2019\/03\/55539220_797232623985829_7278956005977751552_n-1021x1024.jpg 1021w, https:\/\/atae.fr\/wp-content\/uploads\/2019\/03\/55539220_797232623985829_7278956005977751552_n-88x88.jpg 88w, https:\/\/atae.fr\/wp-content\/uploads\/2019\/03\/55539220_797232623985829_7278956005977751552_n-900x903.jpg 900w, https:\/\/atae.fr\/wp-content\/uploads\/2019\/03\/55539220_797232623985829_7278956005977751552_n-1280x1284.jpg 1280w\" sizes=\"auto, (max-width: 129px) 100vw, 129px\" \/><\/p>\n<h6>Notre Charte Qualit\u00e9 a pour objectif de d\u00e9finir des engagements clairs et pr\u00e9cis de Coordonnateur de S\u00e9curit\u00e9 vis-\u00e0-vis de tous Ma\u00eetre d&rsquo;Ouvrage Publics ou Priv\u00e9s.<\/h6>\n<h6>Cette Charte s&rsquo;appuie sur des textes de loi, que nous appliquons scrupuleusement et que nous faisons respecter au travers de l&rsquo;exercice de nos missions confi\u00e9es par chaque Ma\u00eetre d&rsquo;Ouvrage<\/h6>\n<p><img loading=\"lazy\" decoding=\"async\" src=\"http:\/\/atae.fr\/wp-content\/uploads\/2019\/04\/papier-de-lespoir-300x118.png\" alt=\"\" class=\"size-medium wp-image-403 aligncenter\" width=\"300\" height=\"118\" srcset=\"https:\/\/atae.fr\/wp-content\/uploads\/2019\/04\/papier-de-lespoir-300x118.png 300w, https:\/\/atae.fr\/wp-content\/uploads\/2019\/04\/papier-de-lespoir.png 320w\" sizes=\"auto, (max-width: 300px) 100vw, 300px\" \/><\/p>\n<h6>ATAE soutient LES PAPIERS DE L&rsquo;ESPOIR<\/h6>\n<h6>Bas\u00e9e \u00e0 Vertou, cette association est enti\u00e8rement tourn\u00e9e vers l&rsquo;humanitaire. La collecte et la vente de papier sont ses seules ressources.<\/h6>\n<p style=\"text-align: left;\"><img loading=\"lazy\" decoding=\"async\" src=\"http:\/\/atae.fr\/wp-content\/uploads\/2019\/03\/hbc-1-300x273.png\" alt=\"\" class=\"wp-image-273 alignleft\" width=\"127\" height=\"116\" srcset=\"https:\/\/atae.fr\/wp-content\/uploads\/2019\/03\/hbc-1-300x273.png 300w, https:\/\/atae.fr\/wp-content\/uploads\/2019\/03\/hbc-1.png 407w\" sizes=\"auto, (max-width: 127px) 100vw, 127px\" \/><\/p>\n<p><\/p>\n<h6 style=\"text-align: left;\">ATAE est partenaire avec le HBC Nantes depuis 3 ans.<\/h6>\n\n\n<p><\/p>\n","protected":false},"excerpt":{"rendered":"<p>ATAE est membre de l&rsquo;AFCO (Association des Coordonnateurs de France) et est en contact \u00e9troit avec les organismes de Pr\u00e9vention que sont l&rsquo;OPPBTP, la CARSAT ou l&rsquo;INRS afin de maintenir une veille r\u00e9glementaire ou \u00e9changer sur les probl\u00e9matiques rencontr\u00e9es. Notre Charte Qualit\u00e9 a pour objectif de d\u00e9finir des engagements clairs [&hellip;]<\/p>\n","protected":false},"author":1,"featured_media":0,"parent":0,"menu_order":0,"comment_status":"closed","ping_status":"closed","template":"","meta":{"footnotes":""},"class_list":["post-26","page","type-page","status-publish","hentry"],"_links":{"self":[{"href":"https:\/\/atae.fr\/index.php?rest_route=\/wp\/v2\/pages\/26","targetHints":{"allow":["GET"]}}],"collection":[{"href":"https:\/\/atae.fr\/index.php?rest_route=\/wp\/v2\/pages"}],"about":[{"href":"https:\/\/atae.fr\/index.php?rest_route=\/wp\/v2\/types\/page"}],"author":[{"embeddable":true,"href":"https:\/\/atae.fr\/index.php?rest_route=\/wp\/v2\/users\/1"}],"replies":[{"embeddable":true,"href":"https:\/\/atae.fr\/index.php?rest_route=%2Fwp%2Fv2%2Fcomments&post=26"}],"version-history":[{"count":20,"href":"https:\/\/atae.fr\/index.php?rest_route=\/wp\/v2\/pages\/26\/revisions"}],"predecessor-version":[{"id":532,"href":"https:\/\/atae.fr\/index.php?rest_route=\/wp\/v2\/pages\/26\/revisions\/532"}],"wp:attachment":[{"href":"https:\/\/atae.fr\/index.php?rest_route=%2Fwp%2Fv2%2Fmedia&parent=26"}],"curies":[{"name":"wp","href":"https:\/\/api.w.org\/{rel}","templated":true}]}}