{"id":29,"date":"2019-03-27T09:37:52","date_gmt":"2019-03-27T08:37:52","guid":{"rendered":"http:\/\/atae.fr\/?page_id=29"},"modified":"2024-11-13T11:56:23","modified_gmt":"2024-11-13T10:56:23","slug":"contact","status":"publish","type":"page","link":"https:\/\/atae.fr\/?page_id=29","title":{"rendered":"Contact"},"content":{"rendered":"<h4 style=\"text-align: center;\"><span style=\"color: #526ab3;\">Si\u00e8ge social:<\/span><\/h4>\n<h4 style=\"text-align: center;\">12, Avenue Jules Verne 44 230 St S\u00e9bastien sur Loire<\/h4>\n<h4 style=\"text-align: center;\">T\u00e9l. 02.51.71.93.30 Mail: sps44(@)atae.fr<\/h4>\n<h4 style=\"text-align: center;\"><\/h4>\n<p style=\"text-align: center;\">ATAE 35 &#8211; 107, Avenue Henri Fr\u00e9ville &#8211; CS10704 &#8211; 35207 RENNES cedex 2 &#8211; sps35(@)atae.fr<\/p>\n<p style=\"text-align: center;\">ATAE 37 &#8211; 4 bis rue Paul Louis Courier &#8211; 37000 TOURS &#8211; sps37(@)atae.fr<\/p>\n<p style=\"text-align: center;\">ATAE 49 &#8211; 152, Avenue Patton &#8211; CS 80111 &#8211; 49001 ANGERS &#8211; sps49(@)atae.fr<\/p>\n<p style=\"text-align: center;\">\u00a0ATAE 56 &#8211; Centre Laroiseau &#8211; 1 rue Anita Conti &#8211; 56000 VANNES &#8211; sps56(@)atae.fr<\/p>\n<p style=\"text-align: center;\">ATAE 72 &#8211; 152, Avenue Patton &#8211; CS 80111 &#8211; 49001 ANGERS &#8211; sps72(@)atae.fr<\/p>\n<p style=\"text-align: center;\">ATAE 85 &#8211; D160 La Chauvini\u00e8re &#8211; 85000 LA ROCHE SUR YON &#8211; sps85(@)atae.fr<\/p>\n<p style=\"text-align: center;\">\n","protected":false},"excerpt":{"rendered":"<p>Si\u00e8ge social: 12, Avenue Jules Verne 44 230 St S\u00e9bastien sur Loire T\u00e9l. 02.51.71.93.30 Mail: sps44(@)atae.fr ATAE 35 &#8211; 107, Avenue Henri Fr\u00e9ville &#8211; CS10704 &#8211; 35207 RENNES cedex 2 &#8211; sps35(@)atae.fr ATAE 37 &#8211; 4 bis rue Paul Louis Courier &#8211; 37000 TOURS &#8211; sps37(@)atae.fr ATAE 49 &#8211; 152, [&hellip;]<\/p>\n","protected":false},"author":1,"featured_media":0,"parent":0,"menu_order":0,"comment_status":"closed","ping_status":"closed","template":"","meta":{"footnotes":""},"class_list":["post-29","page","type-page","status-publish","hentry"],"_links":{"self":[{"href":"https:\/\/atae.fr\/index.php?rest_route=\/wp\/v2\/pages\/29","targetHints":{"allow":["GET"]}}],"collection":[{"href":"https:\/\/atae.fr\/index.php?rest_route=\/wp\/v2\/pages"}],"about":[{"href":"https:\/\/atae.fr\/index.php?rest_route=\/wp\/v2\/types\/page"}],"author":[{"embeddable":true,"href":"https:\/\/atae.fr\/index.php?rest_route=\/wp\/v2\/users\/1"}],"replies":[{"embeddable":true,"href":"https:\/\/atae.fr\/index.php?rest_route=%2Fwp%2Fv2%2Fcomments&post=29"}],"version-history":[{"count":34,"href":"https:\/\/atae.fr\/index.php?rest_route=\/wp\/v2\/pages\/29\/revisions"}],"predecessor-version":[{"id":636,"href":"https:\/\/atae.fr\/index.php?rest_route=\/wp\/v2\/pages\/29\/revisions\/636"}],"wp:attachment":[{"href":"https:\/\/atae.fr\/index.php?rest_route=%2Fwp%2Fv2%2Fmedia&parent=29"}],"curies":[{"name":"wp","href":"https:\/\/api.w.org\/{rel}","templated":true}]}}